hat is 8051 - -8?
8059
In base 8, what is -1410 - 311?
-1721
In base 14, what is 5161 - -c?
516d
In base 8, what is 17035 + 5?
17042
In base 4, what is -1120111 + -20?
-1120131
In base 16, what is -50 - -973?
923
In base 4, what is 133 - -3112303?
3113102
In base 15, what is -2968 - 5?
-296d
In base 6, what is -2 - -151301?
151255
In base 13, what is 238 + -176?
92
In base 5, what is 210230 + -42?
210133
In base 14, what is -8 - -cc0ca?
cc0c2
In base 12, what is -13 - -38771?
3875a
In base 12, what is 15044 + 0?
15044
In base 16, what is 2d9 + -ef?
1ea
In base 8, what is 214306 - -4?
214312
In base 6, what is 44200 - -135?
44335
In base 3, what is 1012 + 102202220?
102211002
In base 8, what is -3 - 663000?
-663003
In base 3, what is 10201 - -1211111?
1222012
In base 7, what is 110600 + -51?
110516
In base 5, what is -34222 + -40?
-34312
In base 4, what is 2 + -11130201210?
-11130201202
In base 16, what is 5 - -2e323?
2e328
In base 11, what is -241a6 - -9?
-24198
In base 5, what is 414 - 1214?
-300
In base 5, what is -103 + -133342?
-134000
In base 11, what is -165 - 1445?
-15aa
In base 15, what is -50c + -20?
-52c
In base 8, what is -14113156 + 0?
-14113156
In base 15, what is -1b - -a22?
a06
In base 10, what is 1093 + 672?
1765
In base 14, what is 2446 + 5b?
24a3
In base 12, what is -143b3 + 1?
-143b2
In base 9, what is -12 - 5151?
-5163
In base 11, what is 12883 - 2?
12881
In base 10, what is -1448 - 32?
-1480
In base 11, what is -5 + 12518a?
125185
In base 13, what is 64162 - 0?
64162
In base 2, what is -11 + -1000111101011110?
-1000111101100001
In base 6, what is 22 - -10251?
10313
In base 10, what is -4 + 589169?
589165
In base 14, what is 45 + -15a9?
-1564
In base 2, what is 100000 + -110010001010?
-110001101010
In base 12, what is 997 - 31?
966
In base 7, what is -56155 - 1?
-56156
In base 11, what is -13325 - -5?
-13320
In base 7, what is -111614 - 1?
-111615
In base 10, what is -1 + -1057157?
-1057158
In base 4, what is -112030 - -101202?
-10222
In base 16, what is -297 + -1d?
-2b4
In base 9, what is 0 - -32166?
32166
In base 10, what is 675913 + 5?
675918
In base 13, what is -993 + -1c?
-9b2
In base 14, what is 153a6 + 5?
153ab
In base 11, what is 210 - 327?
-117
In base 15, what is -71 + -2b30?
-2ba1
In base 9, what is 704 + 144?
848
In base 13, what is 1 + 4c6?
4c7
In base 11, what is -1 - -8384?
8383
In base 6, what is -1 + 132520?
132515
In base 11, what is 7636 - 13?
7623
In base 5, what is 100 + 131220?
131320
In base 14, what is -1b1d + -cd?
-1c0c
In base 16, what is -3e2 + 21?
-3c1
In base 9, what is -17 + -456514?
-456532
In base 11, what is -9 + 1837?
1829
In base 4, what is 2 - 33320?
-33312
In base 6, what is 2440 - -353?
3233
In base 16, what is 18 + 1b6d?
1b85
In base 5, what is -344200 - 4?
-344204
In base 15, what is -12 - 5a5?
-5b7
In base 4, what is -331020 - -32323?
-232031
In base 9, what is -2 - -24648?
24646
In base 16, what is 4fe - -d?
50b
In base 16, what is 2 - -34a?
34c
In base 15, what is -1c89cc - -7?
-1c89c5
In base 4, what is 212313223 + 0?
212313223
In base 9, what is 1108308 - -4?
1108313
In base 3, what is -110120201122 + 12?
-110120201110
In base 7, what is -230436 - -3?
-230433
In base 4, what is 31310 + 311?
32221
In base 2, what is 101 - -1010000001101?
1010000010010
In base 10, what is 11 - 3337?
-3326
In base 8, what is 23411 + -7?
23402
In base 7, what is -151016033 - -5?
-151016025
In base 12, what is 4 + 106a0?
106a4
In base 15, what is -102a + -24b?
-1276
In base 11, what is -691467 - -4?
-691463
In base 15, what is b75 - -22?
b97
In base 4, what is -101030 + 2001?
-33023
In base 12, what is 90b2 + -10?
90a2
In base 9, what is 1 - -18801?
18802
In base 5, what is -4043 - -2010?
-2033
In base 12, what is -1 + -1664?
-1665
In base 4, what is 200212132033 + 11?
200212132110
In base 15, what is 1770 - -8b?
180b
In base 2, what is 10111 - -110011000000111?
110011000011110
In base 11, what is 51264 - 2?
51262
In base 15, what is 288 - 2d4?
-4b
In base 5, what is -11 + -131443?
-132004
In base 11, what is -4 + 2a747?
2a743
In base 10, what is 177547 + -14?
177533
In base 9, what is 461 + -12?
448
In base 13, what is 86c - -29a?
b39
In base 4, what is 0 + 10131332?
10131332
In base 3, what is -201002 - -2122?
-121110
In base 13, what is -607 - -6b?
-569
In base 2, what is -1010100 - -10000000001111?
1111110111011
In base 11, what is 7 - 358351?
-358345
In base 14, what is -119b - -250?
-d4b
In base 3, what is 220 - 10202?
-2212
In base 8, what is -4 + -5112711?
-5112715
In base 16, what is 0 + -20ba?
-20ba
In base 10, what is 1111 - 170?
941
In base 7, what is 36344 - -3?
36350
In base 11, what is 1 - -48464a?
484650
In base 14, what is -4 + 3b9a0?
3b99a
In base 15, what is 5 + 1347?
134c
In base 15, what is -13d + -4bd?
-60b
In base 7, what is 613 - -10213?
11126
In base 12, what is 364105 + 2?
364107
In base 10, what is -1 - 71802?
-71803
In base 11, what is 165a + 219?
1878
In base 5, what is 213132403 + -2?
213132401
In base 15, what is -3111 + -4c?
-315d
In base 9, what is -1 - -128627?
128626
In base 6, what is 13250444 - 1?
13250443
In base 15, what is -1e - a68d?
-a6ac
In base 12, what is 8 - 30108?
-30100
In base 9, what is -347 - 130?
-477
In base 6, what is -3 - 5230242?
-5230245
In base 15, what is -2 + 565a9?
565a7
In base 6, what is 1230413 + 0?
1230413
In base 9, what is 10 + -20858?
-20848
In base 14, what is 785020 + -2?
78501c
In base 10, what is 1 - -27347?
27348
In base 9, what is 16342 - 5?
16336
In base 8, what is -11 + -7640?
-7651
In base 2, what is -10010011010101001 + 101?
-10010011010100100
In base 4, what is -11 - 1022233300?
-1022233311
In base 2, what is 100000111011 - 1011?
100000110000
In base 2, what is -11001011 - 10111111101010?
-11000010110101
In base 9, what is 4478 - 14?
4464
In base 12, what is -10a - 2a80?
-2b8a
In base 2, what is 101111 + -11000100101?
-10111110110
In base 5, what is -234231 + 2?
-234224
In base 12, what is -7665a + 4?
-76656
In base 9, what is -325164 + -14?
-325178
In base 13, what is 38a7 - 415?
3492
In base 16, what is -74cd4 - 3?
-74cd7
In base 8, what is 137 + 1202?
1341
In base 3, what is 220 + 20122122001?
20122122221
In base 11, what is 1 + -17a1?
-17a0
In base 16, what is 1 + -593d5?
-593d4
In base 14, what is d3 - 4202?
-410d
In base 11, what is 5a49 + -249?
5800
In base 14, what is -5 + -90d9?
-9100
In base 14, what is -7 - 2a692?
-2a699
In base 2, what is -1010110001011001011 - -1?
-1010110001011001010
In base 7, what is -4552362 - -1?
-4552361
In base 16, what is -5 - 393c?
-3941
In base 2, what is -1010000 + 1101010110100?
1101001100100
In base 11, what is -3a12 + 3?
-3a0a
In base 14, what is 3d36 - 4?
3d32
In base 8, what is 10577415 - 2?
10577413
In base 7, what is -32025 + -4?
-32032
In base 6, what is -134 - -225222?
225044
In base 6, what is -3200221 - 1?
-3200222
In base 16, what is 2a003 + 2?
2a005
In base 4, what is -2130 - -20022?
11232
In base 13, what is 426c + 8b?
432a
In base 11, what is -8 - 60739?
-60746
In base 3, what is -10202210 + -20110?
-11000020
In base 12, what is -530b - -19?
-52b2
In base 11, what is -297363 - 1?
-297364
In base 13, what is 370 - -19?
389
In base 11, what is -64144 - 5?
-64149
In base 8, what is 1517031 + -5?
1517024
In base 3, what is 110112121 + -10?
110112111
In base 3, what is -1020211 - 21?
-1021002
In base 11, what is 2 + 2875a?
28761
In base 14, what is 2a - -120ac?
120d8
In base 4, what is -23333130 + 11?
-23333113
In base 14, what is -1417a - 2a?
-141a6
In base 15, what is -3 + -783e?
-7842
In base 9, what is -1081 - 2608?
-3700
In base 14, what is -5 + 1a2797?
1a2792
In base 13, what is -38 - 2b1?
-319
In base 5, what is -211033202 - -10?
-211033142
In base 6, what is 13005451 - 0?
13005451
In base 2, what is 10010 - -101101001100?
101101011110
In base 10, what is -7285 + -4?
-7289
In base 14, what is -16bb52 - 5?
-16bb57
In base 15, what is 2 - 4e9?
-4e7
In base 12, what is a + -21397?
-21389
In base 3, what is -1010020002 - 2?
-1010020011
In base 6, what is -5 + 253141?
253132
In base 5, what is -20004224 - 1?
-20004230
In base 11, what is -2 - 2275a?
-22761
In base 6, what is 4 - 2441251?
-2441243
In base 3, what is -1110201 + -1001?
-1111202
In base 16, what is 352d6